{"id":20,"date":"2020-07-27T18:12:56","date_gmt":"2020-07-27T16:12:56","guid":{"rendered":"http:\/\/www.dejong.ch\/?page_id=20"},"modified":"2020-07-27T20:38:23","modified_gmt":"2020-07-27T18:38:23","slug":"home-2","status":"publish","type":"page","link":"https:\/\/www.dejong.ch\/","title":{"rendered":"Home"},"content":{"rendered":"<div style=\"color:#fc9401;font-size:140%\">Es ist von grossem Vorteil, die Fehler, aus denen man lernen kann, recht fr\u00fch zu machen.<\/div>\n<div style=\"color:#009ffb;text-align:right;font-size:120%\">Der k\u00fcrzeste Weg zum Ruhm ist &#8211; gut zu werden.<\/div>\n<p>Nicht den Tod sollte man f\u00fcrchten, sondern dass man nie beginnen wird, zu leben.<\/p>\n<div style=\"text-align:right;font-size:200%\">Versagen darfst du &#8211; aber nie aufgeben.<\/div>\n<div style=\"color:#009ffb\">Nenne Dich nicht arm, weil Deine Tr\u00e4ume nicht in Erf\u00fcllung gegangen sind; wirklich arm ist nur, wer nie getr\u00e4umt hat.<\/div>\n<div style=\"text-align:right;color:#fc9401;font-size:150%\">Die Menschen sind nicht immer was sie scheinen &#8211; doch selten etwas besseres.<\/div>\n<div style=\"font-size:125%\">Die Gr\u00f6sse eines Mannes zeigt sich darin, wie er die \u201ekleinen\u201c Leute behandelt.<\/div>\n<div style=\"text-align:right\">Die einzige Chance einen Streit zu gewinnen, ist ihn zu vermeiden.<\/div>\n<figure id=\"attachment_30\" aria-describedby=\"caption-attachment-30\" style=\"width: 1280px\" class=\"wp-caption alignnone\"><img loading=\"lazy\" decoding=\"async\" src=\"https:\/\/www.dejong.ch\/wp-content\/uploads\/2020\/07\/carmel_20190430.png\" alt=\"\" width=\"1280\" height=\"400\" class=\"size-full wp-image-30\" srcset=\"https:\/\/www.dejong.ch\/wp-content\/uploads\/2020\/07\/carmel_20190430.png 1280w, https:\/\/www.dejong.ch\/wp-content\/uploads\/2020\/07\/carmel_20190430-300x94.png 300w, https:\/\/www.dejong.ch\/wp-content\/uploads\/2020\/07\/carmel_20190430-1024x320.png 1024w, https:\/\/www.dejong.ch\/wp-content\/uploads\/2020\/07\/carmel_20190430-768x240.png 768w\" sizes=\"auto, (max-width: 1280px) 100vw, 1280px\" \/><figcaption id=\"caption-attachment-30\" class=\"wp-caption-text\">Carmel CA, April 2019<\/figcaption><\/figure>\n","protected":false},"excerpt":{"rendered":"<p>Es ist von grossem Vorteil, die Fehler, aus denen man lernen kann, recht fr\u00fch zu machen. Der k\u00fcrzeste Weg zum Ruhm ist &#8211; gut zu werden. Nicht den Tod sollte man f\u00fcrchten, sondern dass man nie beginnen wird, zu leben. Versagen darfst du &#8211; aber nie aufgeben. Nenne Dich nicht arm, weil Deine Tr\u00e4ume nicht&hellip;&nbsp;<\/p>\n","protected":false},"author":1,"featured_media":0,"parent":0,"menu_order":0,"comment_status":"closed","ping_status":"closed","template":"","meta":{"neve_meta_sidebar":"full-width","neve_meta_container":"","neve_meta_enable_content_width":"on","neve_meta_content_width":100,"neve_meta_title_alignment":"","neve_meta_author_avatar":"","neve_post_elements_order":"","neve_meta_disable_header":"","neve_meta_disable_footer":"","neve_meta_disable_title":"","footnotes":""},"class_list":["post-20","page","type-page","status-publish","hentry"],"_links":{"self":[{"href":"https:\/\/www.dejong.ch\/index.php?rest_route=\/wp\/v2\/pages\/20","targetHints":{"allow":["GET"]}}],"collection":[{"href":"https:\/\/www.dejong.ch\/index.php?rest_route=\/wp\/v2\/pages"}],"about":[{"href":"https:\/\/www.dejong.ch\/index.php?rest_route=\/wp\/v2\/types\/page"}],"author":[{"embeddable":true,"href":"https:\/\/www.dejong.ch\/index.php?rest_route=\/wp\/v2\/users\/1"}],"replies":[{"embeddable":true,"href":"https:\/\/www.dejong.ch\/index.php?rest_route=%2Fwp%2Fv2%2Fcomments&post=20"}],"version-history":[{"count":19,"href":"https:\/\/www.dejong.ch\/index.php?rest_route=\/wp\/v2\/pages\/20\/revisions"}],"predecessor-version":[{"id":46,"href":"https:\/\/www.dejong.ch\/index.php?rest_route=\/wp\/v2\/pages\/20\/revisions\/46"}],"wp:attachment":[{"href":"https:\/\/www.dejong.ch\/index.php?rest_route=%2Fwp%2Fv2%2Fmedia&parent=20"}],"curies":[{"name":"wp","href":"https:\/\/api.w.org\/{rel}","templated":true}]}}